{"id":5440,"date":"2019-02-21T15:55:51","date_gmt":"2019-02-21T14:55:51","guid":{"rendered":"https:\/\/cclinic.sk\/klinika\/?page_id=5440"},"modified":"2022-01-19T17:46:04","modified_gmt":"2022-01-19T16:46:04","slug":"dr-med-diana-visnovska","status":"publish","type":"page","link":"https:\/\/cclinic.sk\/klinika\/de\/unser-team\/dr-med-diana-visnovska\/","title":{"rendered":"Dr. med. Diana Visnovska\u00a0\u00a0"},"content":{"rendered":"\n<style type=\"text\/css\" data-created_by=\"avia_inline_auto\" id=\"style-css-av-jkjmm8-dce3e6f1eea45808cd97cd5875f9ba08\">\n.avia-section.av-jkjmm8-dce3e6f1eea45808cd97cd5875f9ba08{\nbackground-repeat:no-repeat;\nbackground-image:url(https:\/\/i0.wp.com\/cclinic.sk\/klinika\/wp-content\/uploads\/2018\/04\/interna.jpg?fit=1500%2C297&ssl=1);\nbackground-position:50% 50%;\nbackground-attachment:scroll;\n}\n<\/style>\n<div id='hlavicka'  class='avia-section av-jkjmm8-dce3e6f1eea45808cd97cd5875f9ba08 alternate_color avia-section-large avia-no-shadow  avia-builder-el-0  el_before_av_section  avia-builder-el-first  avia-full-stretch avia-bg-style-scroll container_wrap sidebar_right'  data-section-bg-repeat='stretch'><div class='container av-section-cont-open' ><main  role=\"main\" itemprop=\"mainContentOfPage\"  class='template-page content  av-content-small alpha units'><div class='post-entry post-entry-type-page post-entry-5440'><div class='entry-content-wrapper clearfix'>\n<section  class='av_textblock_section av-i1ew00-7848ba2a386613e9e1f641913deb3f76 '   itemscope=\"itemscope\" itemtype=\"https:\/\/schema.org\/CreativeWork\" ><div class='avia_textblock'  itemprop=\"text\" ><h2 style=\"text-align: center;\">\u00dcBER UNS<\/h2>\n<\/div><\/section>\n\n<\/div><\/div><\/main><!-- close content main element --><\/div><\/div><div id='dr-med-diana-visnovska'  class='avia-section av-f3fqbk-71fa5339c1b4d4a12ca738b8d7e8b762 main_color avia-section-default avia-no-border-styling  avia-builder-el-2  el_after_av_section  avia-builder-el-last  avia-bg-style-scroll container_wrap sidebar_right'  ><div class='container av-section-cont-open' ><div class='template-page content  av-content-small alpha units'><div class='post-entry post-entry-type-page post-entry-5440'><div class='entry-content-wrapper clearfix'>\n\n<style type=\"text\/css\" data-created_by=\"avia_inline_auto\" id=\"style-css-av-eiu4sg-078c1f144d97a802a087c70cf7c9bba2\">\n.flex_column.av-eiu4sg-078c1f144d97a802a087c70cf7c9bba2{\nborder-radius:0px 0px 0px 0px;\npadding:0px 0px 0px 0px;\n}\n<\/style>\n<div  class='flex_column av-eiu4sg-078c1f144d97a802a087c70cf7c9bba2 av_one_third  avia-builder-el-3  el_before_av_two_third  avia-builder-el-first  first flex_column_div av-zero-column-padding  '     ><p>\n<style type=\"text\/css\" data-created_by=\"avia_inline_auto\" id=\"style-css-av-clvhsg-974b57f581498d9e27155cf923d04857\">\n.avia-image-container.av-clvhsg-974b57f581498d9e27155cf923d04857 img.avia_image{\nbox-shadow:none;\n}\n.avia-image-container.av-clvhsg-974b57f581498d9e27155cf923d04857 .av-image-caption-overlay-center{\ncolor:#ffffff;\n}\n<\/style>\n<div  class='avia-image-container av-clvhsg-974b57f581498d9e27155cf923d04857 av-styling- avia-align-center  avia-builder-el-4  el_before_av_image  avia-builder-el-first '   itemprop=\"image\" itemscope=\"itemscope\" itemtype=\"https:\/\/schema.org\/ImageObject\" ><div class=\"avia-image-container-inner\"><div class=\"avia-image-overlay-wrap\"><img decoding=\"async\" fetchpriority=\"high\" class='wp-image-2418 avia-img-lazy-loading-not-2418 avia_image ' src=\"https:\/\/i0.wp.com\/cclinic.sk\/klinika\/wp-content\/uploads\/2018\/07\/Visnovska_portrait.jpg?fit=1000%2C1500&ssl=1\" alt='' title='Visnovska_portrait'  height=\"1500\" width=\"1000\"  itemprop=\"thumbnailUrl\" srcset=\"https:\/\/i0.wp.com\/cclinic.sk\/klinika\/wp-content\/uploads\/2018\/07\/Visnovska_portrait.jpg?w=1000&amp;ssl=1 1000w, https:\/\/i0.wp.com\/cclinic.sk\/klinika\/wp-content\/uploads\/2018\/07\/Visnovska_portrait.jpg?resize=200%2C300&amp;ssl=1 200w, https:\/\/i0.wp.com\/cclinic.sk\/klinika\/wp-content\/uploads\/2018\/07\/Visnovska_portrait.jpg?resize=768%2C1152&amp;ssl=1 768w, https:\/\/i0.wp.com\/cclinic.sk\/klinika\/wp-content\/uploads\/2018\/07\/Visnovska_portrait.jpg?resize=687%2C1030&amp;ssl=1 687w, https:\/\/i0.wp.com\/cclinic.sk\/klinika\/wp-content\/uploads\/2018\/07\/Visnovska_portrait.jpg?resize=470%2C705&amp;ssl=1 470w, https:\/\/i0.wp.com\/cclinic.sk\/klinika\/wp-content\/uploads\/2018\/07\/Visnovska_portrait.jpg?resize=450%2C675&amp;ssl=1 450w\" sizes=\"(max-width: 1000px) 100vw, 1000px\" \/><\/div><\/div><\/div><br \/>\n\n<style type=\"text\/css\" data-created_by=\"avia_inline_auto\" id=\"style-css-av-kylryx59-990eca6e05eb91a00f0e361bb0f6a1d1\">\n.avia-image-container.av-kylryx59-990eca6e05eb91a00f0e361bb0f6a1d1 img.avia_image{\nbox-shadow:none;\n}\n.avia-image-container.av-kylryx59-990eca6e05eb91a00f0e361bb0f6a1d1 .av-image-caption-overlay-center{\ncolor:#ffffff;\n}\n<\/style>\n<div  class='avia-image-container av-kylryx59-990eca6e05eb91a00f0e361bb0f6a1d1 av-styling-no-styling av-img-linked avia-align-center  avia-builder-el-5  el_after_av_image  el_before_av_codeblock '   itemprop=\"image\" itemscope=\"itemscope\" itemtype=\"https:\/\/schema.org\/ImageObject\" ><div class=\"avia-image-container-inner\"><div class=\"avia-image-overlay-wrap\"><a href=\"https:\/\/international.estheticon.de\/chirurgen\/diana-visnovska-sk\" class='avia_image ' target=\"_blank\" rel=\"noopener noreferrer\" aria-label='logo-h-c-2x'><img decoding=\"async\" fetchpriority=\"high\" class='wp-image-9170 avia-img-lazy-loading-not-9170 avia_image ' src=\"https:\/\/i0.wp.com\/cclinic.sk\/klinika\/wp-content\/uploads\/2022\/01\/logo-h-c-2x.png?fit=700%2C200&ssl=1\" alt='' title='logo-h-c-2x'  height=\"200\" width=\"700\"  itemprop=\"thumbnailUrl\" srcset=\"https:\/\/i0.wp.com\/cclinic.sk\/klinika\/wp-content\/uploads\/2022\/01\/logo-h-c-2x.png?w=700&amp;ssl=1 700w, https:\/\/i0.wp.com\/cclinic.sk\/klinika\/wp-content\/uploads\/2022\/01\/logo-h-c-2x.png?resize=300%2C86&amp;ssl=1 300w\" sizes=\"(max-width: 700px) 100vw, 700px\" \/><\/a><\/div><\/div><\/div><br \/>\n<br \/>\n\n<style type=\"text\/css\" data-created_by=\"avia_inline_auto\" id=\"style-css-av-8q2234-5a3445cbdff397dbd5e232c161e00fca\">\n.avia-image-container.av-8q2234-5a3445cbdff397dbd5e232c161e00fca img.avia_image{\nbox-shadow:none;\n}\n.avia-image-container.av-8q2234-5a3445cbdff397dbd5e232c161e00fca .av-image-caption-overlay-center{\ncolor:#ffffff;\n}\n<\/style>\n<div  class='avia-image-container av-8q2234-5a3445cbdff397dbd5e232c161e00fca av-styling-no-styling av-img-linked avia-align-center  avia-builder-el-7  el_after_av_codeblock  el_before_av_image  certifikat'   itemprop=\"image\" itemscope=\"itemscope\" itemtype=\"https:\/\/schema.org\/ImageObject\" ><div class=\"avia-image-container-inner\"><div class=\"avia-image-overlay-wrap\"><a href=\"https:\/\/i0.wp.com\/cclinic.sk\/klinika\/wp-content\/uploads\/2019\/09\/Visnovska-certifikat-ipsen.jpg?fit=1030%2C711&#038;ssl=1\" data-srcset=\"https:\/\/i0.wp.com\/cclinic.sk\/klinika\/wp-content\/uploads\/2019\/09\/Visnovska-certifikat-ipsen.jpg?w=1600&amp;ssl=1 1600w, https:\/\/i0.wp.com\/cclinic.sk\/klinika\/wp-content\/uploads\/2019\/09\/Visnovska-certifikat-ipsen.jpg?resize=300%2C207&amp;ssl=1 300w, https:\/\/i0.wp.com\/cclinic.sk\/klinika\/wp-content\/uploads\/2019\/09\/Visnovska-certifikat-ipsen.jpg?resize=768%2C530&amp;ssl=1 768w, https:\/\/i0.wp.com\/cclinic.sk\/klinika\/wp-content\/uploads\/2019\/09\/Visnovska-certifikat-ipsen.jpg?resize=1030%2C711&amp;ssl=1 1030w, https:\/\/i0.wp.com\/cclinic.sk\/klinika\/wp-content\/uploads\/2019\/09\/Visnovska-certifikat-ipsen.jpg?resize=1500%2C1035&amp;ssl=1 1500w, https:\/\/i0.wp.com\/cclinic.sk\/klinika\/wp-content\/uploads\/2019\/09\/Visnovska-certifikat-ipsen.jpg?resize=705%2C486&amp;ssl=1 705w, https:\/\/i0.wp.com\/cclinic.sk\/klinika\/wp-content\/uploads\/2019\/09\/Visnovska-certifikat-ipsen.jpg?resize=450%2C311&amp;ssl=1 450w\" data-sizes=\"(max-width: 1030px) 100vw, 1030px\" class='avia_image '  aria-label='Visnovska-certifikat-ipsen'><img decoding=\"async\" fetchpriority=\"high\" class='wp-image-6552 avia-img-lazy-loading-not-6552 avia_image ' src=\"https:\/\/i0.wp.com\/cclinic.sk\/klinika\/wp-content\/uploads\/2019\/09\/Visnovska-certifikat-ipsen.jpg?fit=1600%2C1104&ssl=1\" alt='' title='Visnovska-certifikat-ipsen'  height=\"1104\" width=\"1600\"  itemprop=\"thumbnailUrl\" srcset=\"https:\/\/i0.wp.com\/cclinic.sk\/klinika\/wp-content\/uploads\/2019\/09\/Visnovska-certifikat-ipsen.jpg?w=1600&amp;ssl=1 1600w, https:\/\/i0.wp.com\/cclinic.sk\/klinika\/wp-content\/uploads\/2019\/09\/Visnovska-certifikat-ipsen.jpg?resize=300%2C207&amp;ssl=1 300w, https:\/\/i0.wp.com\/cclinic.sk\/klinika\/wp-content\/uploads\/2019\/09\/Visnovska-certifikat-ipsen.jpg?resize=768%2C530&amp;ssl=1 768w, https:\/\/i0.wp.com\/cclinic.sk\/klinika\/wp-content\/uploads\/2019\/09\/Visnovska-certifikat-ipsen.jpg?resize=1030%2C711&amp;ssl=1 1030w, https:\/\/i0.wp.com\/cclinic.sk\/klinika\/wp-content\/uploads\/2019\/09\/Visnovska-certifikat-ipsen.jpg?resize=1500%2C1035&amp;ssl=1 1500w, https:\/\/i0.wp.com\/cclinic.sk\/klinika\/wp-content\/uploads\/2019\/09\/Visnovska-certifikat-ipsen.jpg?resize=705%2C486&amp;ssl=1 705w, https:\/\/i0.wp.com\/cclinic.sk\/klinika\/wp-content\/uploads\/2019\/09\/Visnovska-certifikat-ipsen.jpg?resize=450%2C311&amp;ssl=1 450w\" sizes=\"(max-width: 1500px) 100vw, 1500px\" \/><\/a><\/div><\/div><\/div><br \/>\n\n<style type=\"text\/css\" data-created_by=\"avia_inline_auto\" id=\"style-css-av-74w8ao-4f8c337cd8a761cf7c60ff1532ea75a7\">\n.avia-image-container.av-74w8ao-4f8c337cd8a761cf7c60ff1532ea75a7 img.avia_image{\nbox-shadow:none;\n}\n.avia-image-container.av-74w8ao-4f8c337cd8a761cf7c60ff1532ea75a7 .av-image-caption-overlay-center{\ncolor:#ffffff;\n}\n<\/style>\n<div  class='avia-image-container av-74w8ao-4f8c337cd8a761cf7c60ff1532ea75a7 av-styling-no-styling av-img-linked avia-align-center  avia-builder-el-8  el_after_av_image  el_before_av_image  certifikat'   itemprop=\"image\" itemscope=\"itemscope\" itemtype=\"https:\/\/schema.org\/ImageObject\" ><div class=\"avia-image-container-inner\"><div class=\"avia-image-overlay-wrap\"><a href=\"https:\/\/i0.wp.com\/cclinic.sk\/klinika\/wp-content\/uploads\/2019\/09\/Visnovska-certifikat-amwc.jpg?fit=1030%2C729&#038;ssl=1\" data-srcset=\"https:\/\/i0.wp.com\/cclinic.sk\/klinika\/wp-content\/uploads\/2019\/09\/Visnovska-certifikat-amwc.jpg?w=1600&amp;ssl=1 1600w, https:\/\/i0.wp.com\/cclinic.sk\/klinika\/wp-content\/uploads\/2019\/09\/Visnovska-certifikat-amwc.jpg?resize=300%2C212&amp;ssl=1 300w, https:\/\/i0.wp.com\/cclinic.sk\/klinika\/wp-content\/uploads\/2019\/09\/Visnovska-certifikat-amwc.jpg?resize=768%2C543&amp;ssl=1 768w, https:\/\/i0.wp.com\/cclinic.sk\/klinika\/wp-content\/uploads\/2019\/09\/Visnovska-certifikat-amwc.jpg?resize=1030%2C729&amp;ssl=1 1030w, https:\/\/i0.wp.com\/cclinic.sk\/klinika\/wp-content\/uploads\/2019\/09\/Visnovska-certifikat-amwc.jpg?resize=1500%2C1061&amp;ssl=1 1500w, https:\/\/i0.wp.com\/cclinic.sk\/klinika\/wp-content\/uploads\/2019\/09\/Visnovska-certifikat-amwc.jpg?resize=260%2C185&amp;ssl=1 260w, https:\/\/i0.wp.com\/cclinic.sk\/klinika\/wp-content\/uploads\/2019\/09\/Visnovska-certifikat-amwc.jpg?resize=705%2C499&amp;ssl=1 705w, https:\/\/i0.wp.com\/cclinic.sk\/klinika\/wp-content\/uploads\/2019\/09\/Visnovska-certifikat-amwc.jpg?resize=450%2C318&amp;ssl=1 450w\" data-sizes=\"(max-width: 1030px) 100vw, 1030px\" class='avia_image '  aria-label='Visnovska-certifikat-amwc'><img decoding=\"async\" fetchpriority=\"high\" class='wp-image-6553 avia-img-lazy-loading-not-6553 avia_image ' src=\"https:\/\/i0.wp.com\/cclinic.sk\/klinika\/wp-content\/uploads\/2019\/09\/Visnovska-certifikat-amwc.jpg?fit=1600%2C1132&ssl=1\" alt='' title='Visnovska-certifikat-amwc'  height=\"1132\" width=\"1600\"  itemprop=\"thumbnailUrl\" srcset=\"https:\/\/i0.wp.com\/cclinic.sk\/klinika\/wp-content\/uploads\/2019\/09\/Visnovska-certifikat-amwc.jpg?w=1600&amp;ssl=1 1600w, https:\/\/i0.wp.com\/cclinic.sk\/klinika\/wp-content\/uploads\/2019\/09\/Visnovska-certifikat-amwc.jpg?resize=300%2C212&amp;ssl=1 300w, https:\/\/i0.wp.com\/cclinic.sk\/klinika\/wp-content\/uploads\/2019\/09\/Visnovska-certifikat-amwc.jpg?resize=768%2C543&amp;ssl=1 768w, https:\/\/i0.wp.com\/cclinic.sk\/klinika\/wp-content\/uploads\/2019\/09\/Visnovska-certifikat-amwc.jpg?resize=1030%2C729&amp;ssl=1 1030w, https:\/\/i0.wp.com\/cclinic.sk\/klinika\/wp-content\/uploads\/2019\/09\/Visnovska-certifikat-amwc.jpg?resize=1500%2C1061&amp;ssl=1 1500w, https:\/\/i0.wp.com\/cclinic.sk\/klinika\/wp-content\/uploads\/2019\/09\/Visnovska-certifikat-amwc.jpg?resize=260%2C185&amp;ssl=1 260w, https:\/\/i0.wp.com\/cclinic.sk\/klinika\/wp-content\/uploads\/2019\/09\/Visnovska-certifikat-amwc.jpg?resize=705%2C499&amp;ssl=1 705w, https:\/\/i0.wp.com\/cclinic.sk\/klinika\/wp-content\/uploads\/2019\/09\/Visnovska-certifikat-amwc.jpg?resize=450%2C318&amp;ssl=1 450w\" sizes=\"(max-width: 1500px) 100vw, 1500px\" \/><\/a><\/div><\/div><\/div><br \/>\n\n<style type=\"text\/css\" data-created_by=\"avia_inline_auto\" id=\"style-css-av-kdu2ijl7-7a3072b24d75d720ae8c57d621c308cf\">\n.avia-image-container.av-kdu2ijl7-7a3072b24d75d720ae8c57d621c308cf img.avia_image{\nbox-shadow:none;\n}\n.avia-image-container.av-kdu2ijl7-7a3072b24d75d720ae8c57d621c308cf .av-image-caption-overlay-center{\ncolor:#ffffff;\n}\n<\/style>\n<div  class='avia-image-container av-kdu2ijl7-7a3072b24d75d720ae8c57d621c308cf av-styling-no-styling av-img-linked avia-align-center  avia-builder-el-9  el_after_av_image  avia-builder-el-last  certifikat'   itemprop=\"image\" itemscope=\"itemscope\" itemtype=\"https:\/\/schema.org\/ImageObject\" ><div class=\"avia-image-container-inner\"><div class=\"avia-image-overlay-wrap\"><a href=\"https:\/\/i0.wp.com\/cclinic.sk\/klinika\/wp-content\/uploads\/2020\/08\/AMScertificate-scaled.jpg?fit=1030%2C728&#038;ssl=1\" data-srcset=\"https:\/\/i0.wp.com\/cclinic.sk\/klinika\/wp-content\/uploads\/2020\/08\/AMScertificate-scaled.jpg?w=2560&amp;ssl=1 2560w, https:\/\/i0.wp.com\/cclinic.sk\/klinika\/wp-content\/uploads\/2020\/08\/AMScertificate-scaled.jpg?resize=300%2C212&amp;ssl=1 300w, https:\/\/i0.wp.com\/cclinic.sk\/klinika\/wp-content\/uploads\/2020\/08\/AMScertificate-scaled.jpg?resize=1030%2C728&amp;ssl=1 1030w, https:\/\/i0.wp.com\/cclinic.sk\/klinika\/wp-content\/uploads\/2020\/08\/AMScertificate-scaled.jpg?resize=768%2C543&amp;ssl=1 768w, https:\/\/i0.wp.com\/cclinic.sk\/klinika\/wp-content\/uploads\/2020\/08\/AMScertificate-scaled.jpg?resize=1536%2C1086&amp;ssl=1 1536w, https:\/\/i0.wp.com\/cclinic.sk\/klinika\/wp-content\/uploads\/2020\/08\/AMScertificate-scaled.jpg?resize=2048%2C1448&amp;ssl=1 2048w, https:\/\/i0.wp.com\/cclinic.sk\/klinika\/wp-content\/uploads\/2020\/08\/AMScertificate-scaled.jpg?resize=1500%2C1061&amp;ssl=1 1500w, https:\/\/i0.wp.com\/cclinic.sk\/klinika\/wp-content\/uploads\/2020\/08\/AMScertificate-scaled.jpg?resize=260%2C185&amp;ssl=1 260w, https:\/\/i0.wp.com\/cclinic.sk\/klinika\/wp-content\/uploads\/2020\/08\/AMScertificate-scaled.jpg?resize=705%2C499&amp;ssl=1 705w\" data-sizes=\"(max-width: 1030px) 100vw, 1030px\" class='avia_image '  aria-label='AMS certificate, MUDr. Visnovska'><img decoding=\"async\" fetchpriority=\"high\" class='wp-image-7576 avia-img-lazy-loading-not-7576 avia_image ' src=\"https:\/\/i0.wp.com\/cclinic.sk\/klinika\/wp-content\/uploads\/2020\/08\/AMScertificate-scaled.jpg?fit=2560%2C1811&ssl=1\" alt='Certifikat MUDr. Diana Visnovska' title='AMS certificate, MUDr. Visnovska'  height=\"1811\" width=\"2560\"  itemprop=\"thumbnailUrl\" srcset=\"https:\/\/i0.wp.com\/cclinic.sk\/klinika\/wp-content\/uploads\/2020\/08\/AMScertificate-scaled.jpg?w=2560&amp;ssl=1 2560w, https:\/\/i0.wp.com\/cclinic.sk\/klinika\/wp-content\/uploads\/2020\/08\/AMScertificate-scaled.jpg?resize=300%2C212&amp;ssl=1 300w, https:\/\/i0.wp.com\/cclinic.sk\/klinika\/wp-content\/uploads\/2020\/08\/AMScertificate-scaled.jpg?resize=1030%2C728&amp;ssl=1 1030w, https:\/\/i0.wp.com\/cclinic.sk\/klinika\/wp-content\/uploads\/2020\/08\/AMScertificate-scaled.jpg?resize=768%2C543&amp;ssl=1 768w, https:\/\/i0.wp.com\/cclinic.sk\/klinika\/wp-content\/uploads\/2020\/08\/AMScertificate-scaled.jpg?resize=1536%2C1086&amp;ssl=1 1536w, https:\/\/i0.wp.com\/cclinic.sk\/klinika\/wp-content\/uploads\/2020\/08\/AMScertificate-scaled.jpg?resize=2048%2C1448&amp;ssl=1 2048w, https:\/\/i0.wp.com\/cclinic.sk\/klinika\/wp-content\/uploads\/2020\/08\/AMScertificate-scaled.jpg?resize=1500%2C1061&amp;ssl=1 1500w, https:\/\/i0.wp.com\/cclinic.sk\/klinika\/wp-content\/uploads\/2020\/08\/AMScertificate-scaled.jpg?resize=260%2C185&amp;ssl=1 260w, https:\/\/i0.wp.com\/cclinic.sk\/klinika\/wp-content\/uploads\/2020\/08\/AMScertificate-scaled.jpg?resize=705%2C499&amp;ssl=1 705w\" sizes=\"(max-width: 1500px) 100vw, 1500px\" \/><\/a><\/div><\/div><\/div><\/p><\/div>\n<style type=\"text\/css\" data-created_by=\"avia_inline_auto\" id=\"style-css-av-5xqqdc-21baa3a31bfbaed9a570894d0a0e5a0e\">\n.flex_column.av-5xqqdc-21baa3a31bfbaed9a570894d0a0e5a0e{\nborder-radius:0px 0px 0px 0px;\npadding:0px 0px 0px 0px;\n}\n<\/style>\n<div  class='flex_column av-5xqqdc-21baa3a31bfbaed9a570894d0a0e5a0e av_two_third  avia-builder-el-10  el_after_av_one_third  el_before_av_hr  flex_column_div av-zero-column-padding  '     ><section  class='av_textblock_section av-3ss100-fa29e92fd77142f5d8f3a9b43e841698 '   itemscope=\"itemscope\" itemtype=\"https:\/\/schema.org\/CreativeWork\" ><div class='avia_textblock'  itemprop=\"text\" ><h1 style=\"text-align: left;\"><strong>Dr. med. Diana Visnovska\u00a0\u00a0<\/strong><\/h1>\n<p><em>Dermatovenerologe, Ober\u00e4rztin der Abteilung der \u00c4sthetischen Dermatologie<\/em><\/p>\n<h3><strong>Ausbildung<\/strong><\/h3>\n<p><span style=\"text-decoration: underline;\">1991<\/span><br \/>\nMedizinische Fakult\u00e4t der Comenius Universit\u00e4t Bratislava, Fachbereich Allgemeinmedizin<\/p>\n<p><span style=\"text-decoration: underline;\">2015<\/span><br \/>\neurop\u00e4ische Approbation im Bereich Dermatovenerologie, Slowakische Medizinische Universit\u00e4t Bratislava<\/p>\n<h3><strong>Fachpraxis<\/strong><\/h3>\n<p><span style=\"text-decoration: underline;\">1991 \u2013 1996<\/span><br \/>\nKlinik f\u00fcr Dermatologie und Venerologie der medizinischen Fakult\u00e4t und des Fakult\u00e4tskrankenhauses in Bratislava<\/p>\n<p><span style=\"text-decoration: underline;\">1997 \u2013 2013<\/span><br \/>\nArbeitst\u00e4tigkeit\u00a0und Forschung in den grenz\u00fcberschreitenden Gesellschaften Janssen\u2013Cilag, Bayer und Slovensk\u00fd register placent\u00e1rnych krvotvorn\u00fdch buniek<\/p>\n<p><span style=\"text-decoration: underline;\">2013 &#8211; 2015<\/span><br \/>\nAnstalt f\u00fcr medizinische Kosmetik (ULK), Bratislava und Klinik f\u00fcr Dermatologie und Venerologie LFUK und\u00a0UNB Krankenhaus Star\u00e9 Mesto, Bratislava<\/p>\n<p><span style=\"text-decoration: underline;\">2013 &#8211; 2018<\/span><br \/>\nAnstalt\u00a0f\u00fcr medizinische Kosmetik (ULK), Spezialisierung \u00c4sthetische und Korrektive Dermatologie, Bratislava<\/p>\n<p>seit\u00a0<span style=\"text-decoration: underline;\">\u00a02018<\/span><br \/>\nConcept Clinic &#8211; \u00c4sthetische und Korrektive Dermatologie, Bratislava<\/p>\n<h3><strong>Spezialisierte Kurse und zertifizierte Workshops 2013 &#8211; 2018<\/strong><\/h3>\n<ul>\n<li>Intensives Puls-Licht in der \u00c4sthetik, SR<\/li>\n<li>Zertifikat f\u00fcr die Arbeit mit den F\u00fcllstoffen (Filler) Juvederm und\u00a0Applikation von Botulinumtoxin Botox, SR<\/li>\n<li>Zertifikat f\u00fcr die Applikation der Injektionsfiller Teosyal, SR<\/li>\n<li>Kurs moderner Dermatologie, Venerologie und\u00a0Kosmetologie, Prag, CZ<\/li>\n<li>Zertifikat f\u00fcr die Arbeit mit den F\u00fcllstoffen (Filler) Restylane, SR<\/li>\n<li>Die letzten Trends in der\u00a0\u00e4sthetischen Behandlung, Treffen mit Experten, Gesellschaft Anteis, SR<\/li>\n<li>Applikation von Botulinumtoxin Dysport in der\u00a0Praxis, SR<\/li>\n<li>Laser Training Department, Florenz, IT<\/li>\n<li>Autologe Zellenregeneration mit Hilfe von PRP und\u00a0PRP+ HA Regenlab, SR<\/li>\n<li>Kurs der unverz\u00fcglicher Unterst\u00fctzung der lebenserhaltenden Funktionen, SR<\/li>\n<li>Kurs der Mesotherapie Medaprex, SR<\/li>\n<li>Innovativer Kurs im Bereich der Dermatologie und Venerologie Youngderm, SR<\/li>\n<li>Expert Day &#8211; Ausbildungsveranstaltung im Bereich der \u00c4sthetischen Medizin, SR<\/li>\n<li>Workshop: Beseitigung der Augenringe mittels Teosyal Redensity II, SR<\/li>\n<li>Workshop Advance &#8211; Anwendung der Hyalurons\u00e4ure Juvederm Voluma, Volbella,Volift und\u00a0Botulinumtoxin Vistabel, SR<\/li>\n<li>Workshop: Anwendung der Kan\u00fclen beim Injizieren der Hyalurons\u00e4ure, Schulungsleiter: Dr. Kieren Bong, SR<\/li>\n<li>Allergan Medical Institute: Introduction to the MD Codes, Prag, Schulungsleiter:\u00a0Dr. Mauricio De Maio, CZ<\/li>\n<li>Workshop: \u201eTrends in der \u00c4sthetik 2017 Medicontour&#8221;, SR<\/li>\n<li>Teoxane Expert Day, Dubai<\/li>\n<li>Global Draw Workshop Dysport, Amsterdam, NL<\/li>\n<li>Treffen mit den Experten 2017, Medicontur, SR<\/li>\n<li>Workshop: Einf\u00fchrung und Pr\u00e4sentation vom Retinolpeeling NeoStrata zum ersten Mal in der Tschechischen und Slowakischen Republik, SR<\/li>\n<li>Workshop: fortgeschrittene Techniken vom Injizieren der Hyalurons\u00e4ure, Schulungsleiter Dr. Nabila Azib, SR<\/li>\n<li>Schulung: Fortgeschrittene \u2013 Heilung- und kosmetische M\u00f6glichkeiten der Anwendung der Hyalurons\u00e4ure Restylane und\u00a0Restylane Skinboosters, SR<\/li>\n<li>Fadenlifting, Schulungsleiter Dr. Anton Safronov, SR<\/li>\n<li>Ultherapy Advanced Training, SR<\/li>\n<\/ul>\n<h3><strong>Teilnahme an fachlichen heimischen und ausl\u00e4ndischen Kongressen<\/strong><\/h3>\n<p><span style=\"text-decoration: underline;\">2013<\/span><br \/>\nDermaparty Cosmoderm, \u017dilina, SR<\/p>\n<p><span style=\"text-decoration: underline;\">2014<\/span><br \/>\nAnti Aging Medicine World Congress , Monaco<\/p>\n<p><span style=\"text-decoration: underline;\">2014<\/span><br \/>\nX. internationaler Kongress der slowakischen und tschechischen Dermatologen und Venerologen, \u0160trbsk\u00e9 Pleso, SR<\/p>\n<p><span style=\"text-decoration: underline;\">2014<\/span><br \/>\nF.A.C.E 2 F.A.C.E\u00a0\u00a0 AntiAging Medicine &amp; Facial Plastic Surgery, Cannes, FR<\/p>\n<p><span style=\"text-decoration: underline;\">2014<\/span><br \/>\nBezirksseminar der Dermatologen mit aktiver Teilnahme, Bratislava, SR<\/p>\n<p><span style=\"text-decoration: underline;\">2014\u00a0<\/span><\/p>\n<p>Kongress der slowakischen \u00d6ffentlichkeit f\u00fcr die \u00e4sthetische Dermatologie \u2013Dermaparty 2014, \u017dilina, SR<\/p>\n<p><span style=\"text-decoration: underline;\">2014<\/span><br \/>\nTage von Smrdaky \u2013 aktive Teilnahme, Smrd\u00e1ky, SR<\/p>\n<p><span style=\"text-decoration: underline;\">2015<\/span><br \/>\nXI. Internationaler\u00a0Kongress der slowakischen und tschechischen Dermatologen und Venerologen, Prag, CZ<\/p>\n<p><span style=\"text-decoration: underline;\">2015<\/span><br \/>\nLaser-Kongress, \u0160trbsk\u00e9 Pleso, SR<\/p>\n<p><span style=\"text-decoration: underline;\">2016<\/span><br \/>\nVISAGE\u00a01st European Practical &amp;Academic Training for the Aesthetic Treatment of the Face, Nice, FR<\/p>\n<p><span style=\"text-decoration: underline;\">2016<\/span><br \/>\nAnti Aging Medicine World Congress, Monaco<\/p>\n<p><span style=\"text-decoration: underline;\">2017<\/span><br \/>\nXII. Internationaler Kongress der slowakischen und tschechischen Dermatologen und Venerologen, Olomouc, CZ<\/p>\n<p><span style=\"text-decoration: underline;\">2017<\/span><br \/>\nAnti Aging Medicine World Congress, Monaco<\/p>\n<p><span style=\"text-decoration: underline;\">2018<\/span><br \/>\nAnti Aging Medicine World Congress, Monaco<\/p>\n<h3><strong>Mitgliedschaft in den fachlichen Organisationen<\/strong><\/h3>\n<ul>\n<li>Slowakische und tschechische Gesellschaft der Dermatologie und Venerologie<\/li>\n<li>Slowakische \u00c4rztekammer<\/li>\n<li>Slowakische \u00c4rztegesellschaft<\/li>\n<li>Slowakische Gesellschaft der \u00e4sthetischen Dermatologie<\/li>\n<\/ul>\n<h3>Sprachkenntnisse<\/h3>\n<ul>\n<li>Aktiv: Englisch, Deutsch<\/li>\n<li>Passiv: Russisch<\/li>\n<\/ul>\n<\/div><\/section><\/div>\n<style type=\"text\/css\" data-created_by=\"avia_inline_auto\" id=\"style-css-av-1yac5s-99fd3067e100a59f527db059ed14e32b\">\n#top .hr.hr-invisible.av-1yac5s-99fd3067e100a59f527db059ed14e32b{\nheight:50px;\n}\n<\/style>\n<div  class='hr av-1yac5s-99fd3067e100a59f527db059ed14e32b hr-invisible  avia-builder-el-12  el_after_av_two_third  avia-builder-el-last '><span class='hr-inner '><span class=\"hr-inner-style\"><\/span><\/span><\/div>\n<\/div><\/div><\/div><!-- close content main div --><\/div><\/div><div id='after_section_2'  class='main_color av_default_container_wrap container_wrap sidebar_right'  ><div class='container av-section-cont-open' ><div class='template-page content  av-content-small alpha units'><div class='post-entry post-entry-type-page post-entry-5440'><div class='entry-content-wrapper clearfix'>\n","protected":false},"excerpt":{"rendered":"","protected":false},"author":1,"featured_media":0,"parent":1844,"menu_order":0,"comment_status":"closed","ping_status":"closed","template":"","meta":{"_acf_changed":false,"footnotes":""},"acf":[],"jetpack_sharing_enabled":true,"_links":{"self":[{"href":"https:\/\/cclinic.sk\/klinika\/wp-json\/wp\/v2\/pages\/5440"}],"collection":[{"href":"https:\/\/cclinic.sk\/klinika\/wp-json\/wp\/v2\/pages"}],"about":[{"href":"https:\/\/cclinic.sk\/klinika\/wp-json\/wp\/v2\/types\/page"}],"author":[{"embeddable":true,"href":"https:\/\/cclinic.sk\/klinika\/wp-json\/wp\/v2\/users\/1"}],"replies":[{"embeddable":true,"href":"https:\/\/cclinic.sk\/klinika\/wp-json\/wp\/v2\/comments?post=5440"}],"version-history":[{"count":10,"href":"https:\/\/cclinic.sk\/klinika\/wp-json\/wp\/v2\/pages\/5440\/revisions"}],"predecessor-version":[{"id":9174,"href":"https:\/\/cclinic.sk\/klinika\/wp-json\/wp\/v2\/pages\/5440\/revisions\/9174"}],"up":[{"embeddable":true,"href":"https:\/\/cclinic.sk\/klinika\/wp-json\/wp\/v2\/pages\/1844"}],"wp:attachment":[{"href":"https:\/\/cclinic.sk\/klinika\/wp-json\/wp\/v2\/media?parent=5440"}],"curies":[{"name":"wp","href":"https:\/\/api.w.org\/{rel}","templated":true}]}}